he remainder when x(4) is divided by g(1).
2
Calculate the remainder when 95 is divided by (-14)/(-3)*252/49.
23
Suppose -18 = 15*q - 18*q. Calculate the remainder when 35 is divided by q.
5
Let a = -7 - -4. Suppose -3 = h - 2*h. What is the remainder when 14/2 - (h + a) is divided by 3?
1
Let r(p) = -p**3 - 7*p**2 + 11*p + 10. Let i be r(-8). Let t = i + 9. Let d = t + 9. What is the remainder when d is divided by 2?
0
What is the remainder when 0 + 6/9*141 is divided by 24?
22
Calculate the remainder when (-2)/(2*-1)*5 is divided by 9 + (-40)/(-24)*-3.
1
Suppose -y = -4*x + 13, -2*x - 4*y + 2*y + 4 = 0. Suppose 2*f = -x*f + j + 23, 3*f + 2*j = 6. What is the remainder when 6 is divided by f?
2
Suppose -45 = 6*q - 117. Calculate the remainder when 33 is divided by q.
9
Let g = 35 + -32. Suppose 2*q - 4 = -2*u + g*q, -5*q = u - 13. What is the remainder when u is divided by 0/(-1) + 2/2?
0
Let u be 23 - 2/(-4)*-4. Suppose 120 = 5*v - 5*d, 0*v + u = v + 2*d. What is the remainder when v is divided by 8?
7
Let v = 201 + -193. Calculate the remainder when v is divided by 6.
2
Suppose j + b + 0 = 9, 4*j - 38 = -3*b. What is the remainder when 43 is divided by j?
10
Suppose 0 = -4*y - 2*c + 22 + 4, -2*c + 2 = -2*y. Suppose -3*v - 15 - 5 = -h, 2*v = -y*h + 52. Calculate the remainder when 27 is divided by h.
13
Let q(x) = -x**3 - x**2 + x - 5. Let h be q(0). Let z = 9 + h. Let y = 23 - 12. Calculate the remainder when y is divided by z.
3
Let t(s) be the second derivative of s**4/12 - s**2 + 3*s. Calculate the remainder when t(-6) is divided by 9.
7
Let s(j) = 11*j + 1. Let q be s(4). Suppose 25 = -z - q. What is the remainder when 49 is divided by 1/(-2) - z/4?
15
Calculate the remainder when -3*(-52)/(-10)*(-30)/9 is divided by 11.
8
Let v(p) = -p**3 - 4*p**2 + 7*p + 3. What is the remainder when v(-7) is divided by 26?
23
Let k(m) = m**2 + m + 1. Calculate the remainder when (3 + 7)*6/5 is divided by k(-3).
5
Let h = 66 - 29. Let p(k) = -2*k + 1. Suppose 2*t - 8*a = -4*a, -5*t - 42 = 4*a. Calculate the remainder when h is divided by p(t).
11
Let f = 63 - 57. Let l(r) = r**2 + 9*r + 10. Calculate the remainder when l(-9) is divided by f.
4
Let v(c) = c**3 - 4*c**2 + 3. Suppose 9*o - 6*o = 15. What is the remainder when 81 is divided by v(o)?
25
Let p = 5 - 7. Let w = 10 + -6. Calculate the remainder when (p + -1)*(-20)/4 is divided by w.
3
Let s be 2/(-5) + 208/20. Suppose 0*n - 5*n = -s. Calculate the remainder when n is divided by 2.
0
Calculate the remainder when (3 + 45/(-10))*-26 is divided by 20.
19
Suppose -5*f + 0*v + 756 = v, -3*f = -3*v - 468. What is the remainder when f is divided by 31?
28
Let v(c) = -2*c - 5. Suppose -2*p - 5*y = -45, 4*y + 0*y = -3*p + 71. Calculate the remainder when p is divided by v(-6).
4
Let i(u) = u**2 + 5*u - 1. What is the remainder when 49 is divided by i(-7)?
10
Suppose -3*o + 25 = 2*o. Let s = 3 - 1. Suppose -7*q + 2*q + 3*b + 61 = 0, s*q + 4*b - 40 = 0. Calculate the remainder when q is divided by o.
4
Let s be (-1)/(-4) - 18/8. Let c be 39 - s - (-3)/3. Suppose c = 5*n + 2. Calculate the remainder when 14 is divided by n.
6
Suppose -2 = -0*v - v. Suppose -4*g + 43 = v*x - g, -29 = -x + g. Let t(u) = u**2 - 2. What is the remainder when x is divided by t(4)?
12
Let u(v) = -16*v + 2. Let i be u(2). Let t be (6/(-10))/(6/i). Suppose -12 = -t*d + 3*z, -4*d + 0*d + 16 = z. Calculate the remainder when d is divided by 2.
0
Let t be (-14)/42 - 13/(-3). Suppose 0 = t*u - 4, -3*u = 3*a - 2*u - 40. What is the remainder when 38 is divided by a?
12
Let u be 0 - ((-10)/2 - 0). Suppose 3 = 2*w - u. Calculate the remainder when 6*3/2 - 2 is divided by w.
3
Let x = 12 - 7. Suppose 3*h + x = 26. What is the remainder when h is divided by ((-6)/10)/((-7)/35)?
1
Suppose -2*z - 22 = -2*d - 2*d, 0 = -3*z - 3. What is the remainder when 22 is divided by d?
2
Let m be (-4)/(-3)*(-51)/(-2). Let l = -12 + m. Let t = 10 + -2. What is the remainder when l is divided by t?
6
Let w = 26 - 16. Suppose -4*o + 12 = -12. Calculate the remainder when (w/3)/((-4)/(-12)) is divided by o.
4
Let d(c) = -c**3 - 11*c**2 + c + 27. Suppose -5*y - 47 = -u, -5*y = -2*u - 2*y + 94. Calculate the remainder when u is divided by d(-11).
15
Let b(c) = -c**3 - 7*c**2 + 2*c - 3. Let d be b(-7). Let f = 28 + d. Calculate the remainder when 20 is divided by f.
9
Suppose -3*y + 3*n - 12 = 0, -y - 4*n + 8 = 2. Let j = 2 + y. Suppose j*w - 4*w = -44. Calculate the remainder when 21 is divided by w.
10
Suppose -2*o = -4*o - 2*l - 6, -o + l = 3. Calculate the remainder when ((-6)/(-4))/(o/(-6)) is divided by 2.
1
Let f be 9/3 + -3 + 8. Suppose f = i + 43. Calculate the remainder when (-4)/(-10) + (-826)/i is divided by 13.
11
Let t = 135 + -77. Calculate the remainder when t is divided by 20.
18
Suppose -h - 23 = -5*a, -2*h - 30 = -4*a - 7*h. Suppose -a = n - 15. Suppose 3*y - y - n = 0. Calculate the remainder when 8 is divided by y.
3
Calculate the remainder when 70 is divided by 4/3 - (3 - 123/9).
10
Let q = 35 - 17. What is the remainder when 52 is divided by q?
16
Suppose 3*f = 10 + 5. What is the remainder when 7 is divided by f?
2
Let t = -14 - -10. Let w = 7 - -4. Let z = w + t. Calculate the remainder when 20 is divided by z.
6
Let x(w) = 2*w**2 - 3*w + 5. Suppose 0 = -4*m - m + 20. Calculate the remainder when x(m) is divided by 13.
12
Let c(v) be the third derivative of -v**5/60 + v**4/3 - v**3/2 + v**2. What is the remainder when c(5) is divided by 7?
5
Suppose w + 1 = 24. Suppose -3*k + 1 = -5*h - w, 16 = 2*k - 3*h. What is the remainder when 14 is divided by k?
6
Suppose 57 + 24 = 2*i + 5*p, 3*p + 15 = 0. Calculate the remainder when i is divided by 19.
15
Calculate the remainder when 61 is divided by (-14)/4*6*1/(-1).
19
Let x(u) = -6*u**2 - 5*u. Let b(s) = -5*s**2 - 5*s - 1. Let k(h) = -7*b(h) + 6*x(h). Calculate the remainder when 26 is divided by k(5).
5
Let d(m) = -m + 8. Let r be d(6). Suppose -r = -k + 2. Calculate the remainder when 1/(3 - (-128)/(-44)) is divided by k.
3
Let w = -17 - -25. Suppose 0 = 3*m + m - 12. Suppose 6*h = m*h - 15, 4*p - 112 = 4*h. What is the remainder when p is divided by w?
7
Let m(d) = -d**3 + 7*d**2 + 9*d - 8. Let l be m(8). Suppose -3*r + 2*y + 38 = l, r - y - 12 = 2. What is the remainder when 19 is divided by r?
9
Let m(j) = 0*j**2 - 9*j + 3 + j**2 + 4 - 3. Calculate the remainder when 25 is divided by m(10).
11
Suppose m = u + 3*m + 151, 4*u - 2*m = -594. Let n = -72 - u. Calculate the remainder when n is divided by 40.
37
Let g = 19 - 10. Suppose 0 = -g*k + 4*k - 160. Let y = k + 47. What is the remainder when 42 is divided by y?
12
Let v = -5 + 7. Calculate the remainder when (-27)/15*(-30)/9 is divided by v.
0
Suppose -5*c + 52 + 13 = 0. Suppose 9 = -z + 13. Calculate the remainder when c is divided by z.
1
Suppose 0 = -t - 3*x + 35, 0 = -2*t - 2*t + 5*x + 157. Calculate the remainder when 70 is divided by t.
32
Suppose 11 + 19 = 5*m. What is the remainder when 10 is divided by m?
4
Let r be ((-1)/1)/((-4)/8). Let f(k) = -k**3 + 3*k**2 + 7*k - 5. Calculate the remainder when f(4) is divided by r/5 + 54/15.
3
Let a be (-7)/(-4) + 1/4. Let n = a - 0. Suppose p - n*s + 35 = 2*p, -5*s - 5 = 0. Calculate the remainder when p is divided by 19.
18
Let d(n) = n**2 + 3*n - 7. Let v be d(-5). Suppose -51 = -4*k - 5*h, 6*k - 4*h - 77 = v*k. Calculate the remainder when 74 is divided by k.
17
Let x(h) be the first derivative of -1 + 5/2*h**2 - 5/3*h**3 - 1/4*h**4 + 8*h. What is the remainder when 27 is divided by x(-6)?
13
Let u(o) = -7 + 4*o - 2*o - 4*o + 0*o. Let q be u(-5). What is the remainder when 1*12*(-1 + q) is divided by 13?
11
Let x be 2*3/(0 - -3). What is the remainder when 25 is divided by (1 - x)/(8/(-112))?
11
Let b = 84 + -43. Let j(c) = c**2 - 8*c + 5. Calculate the remainder when b is divided by j(9).
13
Suppose -2*a = a + 3*m - 15, 3*m + 41 = 4*a. Suppose -3*p + 15 = -2*p. What is the remainder when p is divided by a?
7
Let a(y) = y**3 - 11*y**2 + 12*y - 12. Let b be a(11). Let n = -70 + b. Let i = -28 - -54. Calculate the remainder when n is divided by i.
24
Let g be (10/(-3))/((-22)/759). Let u = 0 + 2. Suppose 3*k + u*k = g. What is the remainder when k is divided by 8?
7
Suppose -3*m 